nd t.
17
Let a = 2 - -2. Suppose 0 = q + a*y - 54, -y + 29 = q - 16. What is the greatest common divisor of q and 18?
6
Suppose -185*r = 52*r - 3792. Calculate the highest common divisor of 186 and r.
2
Suppose 0 = -31*s + 13498 + 26058. What is the greatest common factor of 44 and s?
44
Let p be 50*-3*(-1)/6. Let l = -22243 + 22253. What is the greatest common factor of p and l?
5
Let q be ((-36)/(-24))/((-51)/(-11186)). Calculate the greatest common divisor of 14 and q.
7
Let y = -16 + 26. Suppose -y*w + w = -576. Calculate the highest common divisor of w and 24.
8
Let j = 3722 + -6172. Let x be 16/(-36) - j/45. Suppose 8*y + 108 = 9*y. What is the greatest common divisor of x and y?
54
Let q be 2 + 2773 - (-2 - -5). Calculate the greatest common divisor of 33 and q.
33
Let n = -91 - -131. Suppose -c + 30 = -5*p - 0, -2*p - 15 = -c. Calculate the greatest common factor of n and c.
5
Let r = -160 - -165. Suppose 84 + 6 = r*q. What is the greatest common factor of q and 6?
6
Suppose 5*v = 30 - 10. Suppose 2*r - b = -6*b + 5, -v*r - 3*b = -31. Let p be 5*4/r - -13*1. Calculate the greatest common factor of p and 45.
15
Let u be (690/(-18))/((-5)/15). What is the highest common divisor of u and 920?
115
Let a(g) = 2*g**2 - 18*g - 31. Let n be a(-29). Calculate the highest common divisor of n and 159.
53
Let c = -2875 + 3726. Calculate the greatest common divisor of c and 74.
37
Let g be (((-403)/(-52) - 12) + -1)*480/(-9). What is the greatest common factor of g and 6860?
140
Suppose 508*b = -362*b + 351480. Calculate the greatest common factor of 8989 and b.
101
Let g be 6/(-63) + (-573)/(-63) + 18953. Calculate the greatest common divisor of 38 and g.
38
Suppose 5563746 = 133*q + 237*q - 103*q. What is the greatest common divisor of 138 and q?
138
Let n(a) = a - 12. Let h(m) = -3*m + 26. Let c(o) = 6*h(o) + 14*n(o). Let b be c(-5). What is the highest common divisor of 12 and b?
4
Let i = 32636 - 23270. What is the highest common divisor of 42 and i?
42
Let y = 1643 - 1566. Suppose -2*h - 137 = -i + 2*h, -3*h = 4*i - 472. Calculate the highest common factor of i and y.
11
Let z = -152 + -51. Let g = z + 244. What is the greatest common factor of 287 and g?
41
Let r be (0 - 1/(-2))*(88 + -24). Let d = 1856 - 1680. What is the highest common factor of r and d?
16
Let o = 6151 + -6115. What is the highest common factor of 1788 and o?
12
Suppose 3*k - 2*k + 4*n = 122, -4*k = 5*n - 455. What is the greatest common divisor of 2915 and k?
55
Suppose 231*k - 55 = 226*k. Suppose -k*v + 170 = 16. Calculate the greatest common factor of v and 7.
7
Let c = 5466 + -4752. What is the greatest common divisor of c and 510?
102
Suppose -5*w + 63 = -2*z, 4*w + w = 4*z + 71. Let m = w + -2. Let n = m + 2. Calculate the greatest common divisor of 77 and n.
11
Suppose 57*o = 59*o - 14. Suppose -o*v + 2722 = 265. Calculate the greatest common divisor of 27 and v.
27
Let p(i) = -62*i - 84. Let a be p(-2). What is the highest common divisor of a and 32?
8
Suppose 63 = 20*z + 3. Let f be z*((-2)/(-6) - -1). Calculate the greatest common divisor of f and 12.
4
Let j(b) = -28*b**2 + 2133*b + 152. Let t be j(76). Let l be ((-49)/21)/(2/(-48)). What is the greatest common divisor of t and l?
28
Suppose u - 11*a + 13*a = 116, -17*a = -4*u + 389. Calculate the highest common factor of 60 and u.
10
Let k be (-7)/1 + 17 + -18. Let q be 7*k/(-224) - 638/(-8). What is the greatest common divisor of 24 and q?
8
Suppose -279 = -5*y - g - 0*g, -g - 1 = 0. Let x = 67 - y. Let u(c) = c**2 - 7*c + 10. Let z be u(x). What is the greatest common factor of 18 and z?
18
Suppose y + 0*y + 51102 = 2*p, 5*p + 7*y = 127698. What is the highest common factor of 12 and p?
12
Let o(s) = 117 - 1 - 24*s**2 + 26*s**2 + 14*s + 0*s**2. Let d be o(-10). Calculate the greatest common divisor of d and 11.
11
Suppose -909*y + 10 = -908*y - 2*i, -3*y - 5*i = -85. Calculate the greatest common factor of y and 28240.
20
Let w = -16159 - -20373. What is the greatest common divisor of w and 946?
86
Let y = 219 + -201. Suppose -4*j + 2 = -y, 4*j - 236 = -3*n. What is the greatest common factor of 48 and n?
24
Let h(p) = p**3 + 22*p**2 + 75*p - 13. Let n be h(-19). Let a = n - -1153. Calculate the greatest common factor of 76 and a.
38
Let z = -701 - -1485. What is the greatest common divisor of z and 112?
112
Let k = 119 - 251. Let m be (k/24)/((-3)/108). What is the greatest common divisor of m and 132?
66
Let s be ((3/(-15))/((-9)/108))/(48/720). What is the greatest common factor of s and 3186?
18
Suppose 0 = -61*f - 231*f - 136*f + 2998140. What is the highest common factor of f and 30?
15
Suppose 9*b - 33*b + 720 = 0. Calculate the greatest common divisor of b and 12795.
15
Let q = -144 + 207. Suppose 20339 = 19*v - w - 0*w, -4*v + 2*w + 4264 = 0. What is the greatest common divisor of q and v?
63
Let u(r) = 2*r - 24. Let t be u(12). Suppose -3*b + 77 = n, 81 = n + 4*b - t*b. What is the greatest common factor of 91 and n?
13
Suppose 0 = -2*w - 3*f - 1, 2*w + 11*f - 12*f = 11. Suppose 230 = w*v + 150. What is the greatest common divisor of v and 820?
20
Suppose -2*s - x + 105 = 13, x = s - 58. Calculate the highest common divisor of 11250 and s.
50
Let o(s) = s**3 - 5*s**2 - 14*s + 3. Let h be o(7). Let n = 21 - h. Let b = 20 - n. Calculate the highest common divisor of b and 2.
2
Let q be ((-32)/64)/((-1)/22). What is the highest common divisor of q and 517?
11
Let y(s) = -s**3 + 19*s**2 + 30*s - 52. Let o be y(20). What is the highest common divisor of o and 2331?
37
Let c(j) = -j**3 + 9*j**2 - j - 24. Suppose 556 = -3*r + 580. Let d be c(r). What is the highest common factor of d and 56?
8
Suppose -767901 = -315*a + 31569. Calculate the highest common divisor of 108 and a.
54
Suppose 3*c + 5*q + 67 = 0, 3*q + 6 + 37 = -2*c. Let a be (c/21)/(18/(-81)). What is the greatest common factor of a and 39?
3
Suppose 0 = 295*j - 82*j - 325464. What is the highest common divisor of 8 and j?
8
Suppose 4*y - 41 = 7. Suppose 299*g = -187*g + 57721 + 170769 - 41866. Calculate the greatest common factor of g and y.
12
Suppose 4*f = a + 18, a - 3*f - 22 = -7*f. Suppose -5*l = -5*m - 80, a*m = l + 5*m - 20. What is the highest common factor of l and 391?
17
Let t = -8206 + 8384. Calculate the greatest common divisor of t and 17266.
178
Let f = 183 - 33. Suppose 10*a - f = 7*a. Calculate the highest common factor of 20 and a.
10
Suppose 4*z - s = 1163, z + 52*s = 53*s + 287. Suppose -j + 16 = 3*j. Calculate the greatest common factor of j and z.
4
Suppose -6753 = -39*v + 19455. What is the highest common divisor of v and 528?
48
Let t = 28928 - 28041. Calculate the greatest common divisor of 3 and t.
1
Let n = 9 + -7. Let b(k) = 6*k**3 + 31*k**2 + 5*k + 10. Let w be b(-3). Calculate the greatest common factor of n and w.
2
Suppose -3*g + 31901 = -w, 0 = -2217*g + 2218*g + 5*w - 10607. What is the greatest common divisor of g and 24?
24
Let s(d) = 7*d - 1. Let c(y) = -5*y. Let q(l) = 6*c(l) + 5*s(l). Let o be q(3). Calculate the greatest common divisor of o and 320.
10
Let r be (-6)/(3 - (3 + 2)). Suppose 4*q - r*q = 2*g - 489, 2*g - 514 = -4*q. What is the greatest common divisor of 19 and g?
19
Let v(z) = z + 221. Let s be v(0). Let o be 86*(-1)/(-2) - (-9)/((-45)/20). Calculate the greatest common divisor of s and o.
13
Suppose 0 = -4*b + 3*b + 3*f + 21, 4*b - 98 = 5*f. Let j(g) = g + 54 - b - 28 + 42*g**2. Let d be j(-2). What is the highest common divisor of 110 and d?
55
Suppose 14*a + 1243 = 263. Let w = -54 - a. Let u = 551 + -343. What is the greatest common divisor of u and w?
16
Let u(r) = -r**2 + 6*r - 1. Let p be u(5). Let d = -213 - -144. Let n = 81 + d. What is the highest common divisor of n and p?
4
Let p be 12 + -4 - -8*(-4263)/(-14). Calculate the greatest common factor of 940 and p.
188
Let h be ((-1362)/(-9))/(-1)*(-3)/(-2). Let o = h - -247. Calculate the greatest common factor of o and 15.
5
Let l be ((-12)/(-7))/((-28)/(-1078)). Let u = l + -64. Suppose -34 = -u*i + 30. Calculate the highest common factor of i and 8.
8
Let i(t) = -t**3 - 6*t**2 + 49*t - 21. Let u be i(4). Calculate the highest common factor of u and 10740.
15
Suppose -8*k = -252 - 380. Suppose 80*y - 66 = k*y. Calculate the 